01011111?
111011110110000
In base 9, what is 121352536 + 5?
121352542
In base 12, what is 100948 - -142?
100a8a
In base 4, what is -113 + -33312333?
-33313112
In base 15, what is -7 - 111272a?
-1112732
In base 11, what is -11 - -222124?
222113
In base 11, what is -54868805 + 2?
-54868803
In base 9, what is -66005 + 411?
-65484
In base 14, what is -a4d02b - 8?
-a4d035
In base 2, what is 1 + -101110011100111100111?
-101110011100111100110
In base 14, what is 3 + -77027c?
-770279
In base 13, what is 5 - 771556?
-771551
In base 8, what is -1375311455 - 1?
-1375311456
In base 9, what is -145152047 + 0?
-145152047
In base 16, what is 5 - -3e66cfa?
3e66cff
In base 16, what is -54 + -92634?
-92688
In base 12, what is -3072196 - -4?
-3072192
In base 2, what is 1011010001 + -101110101000101?
-101101001110100
In base 8, what is -370400 + -12554?
-403154
In base 7, what is 5 - 134306316?
-134306311
In base 2, what is -1001000010110 + -11001011110011?
-100010100001001
In base 2, what is 101011110 + 1101101010111001?
1101110000010111
In base 6, what is 1232350253 - -23?
1232350320
In base 3, what is -202221000 + -2121?
-210000121
In base 13, what is 184805867 - 5?
184805862
In base 16, what is -1 - 6bc44f4?
-6bc44f5
In base 6, what is 104 - 1043213112?
-1043213004
In base 13, what is -25 + 3387594?
338756c
In base 7, what is -64 + -611445?
-611542
In base 12, what is -29118 - -600?
-28718
In base 5, what is 144140 + 1431?
201121
In base 13, what is 2009949 - 3?
2009946
In base 9, what is -8457 - -23052?
13484
In base 14, what is -6265 + 35?
-6230
In base 8, what is 43404 + 4364?
47770
In base 6, what is 32420405 + 403?
32421212
In base 11, what is -2 - 77086958?
-7708695a
In base 16, what is -36 - -25ed?
25b7
In base 4, what is 10003210 - -313013?
10322223
In base 12, what is -79b69 - -3?
-79b66
In base 16, what is 792e - 1fe7?
5947
In base 3, what is 200120121002 - -10002?
200120201011
In base 7, what is -356316165 - -2?
-356316163
In base 12, what is 815 - -468a1?
474b6
In base 2, what is 1001010110011010010101010 + 0?
1001010110011010010101010
In base 6, what is -23545331413 - 3?
-23545331420
In base 6, what is -11 + 24544054?
24544043
In base 14, what is 2 - 82c098?
-82c096
In base 5, what is 3 - 113143001204?
-113143001201
In base 8, what is -5 + 15102720?
15102713
In base 2, what is 1001001000001101010100000 + 11?
1001001000001101010100011
In base 12, what is -2a0348 + -74?
-2a0400
In base 2, what is 1010011111000 - -1011011011100111?
1100101111011111
In base 10, what is -675 + 15340?
14665
In base 8, what is -700 - 200603?
-201503
In base 2, what is 1000111101100011110000 - 101?
1000111101100011101011
In base 11, what is -2700240 + -43?
-2700283
In base 11, what is a2619 + 910?
a3429
In base 10, what is -3 + -7293244?
-7293247
In base 11, what is -5 + -106868032?
-106868037
In base 14, what is 17371b - -5?
173722
In base 16, what is -338 + e898?
e560
In base 2, what is 101000000 + -11000101001?
-10011101001
In base 15, what is 3c + -1e7338?
-1e72eb
In base 12, what is -10058355 + 4?
-10058351
In base 15, what is 3e - -4264db?
42652a
In base 14, what is 77278 + -4?
77274
In base 2, what is 1110110100 + -110110000111?
-100111010011
In base 14, what is d0 - aac6?
-a9d6
In base 4, what is 2113310 + -311333?
1201311
In base 2, what is -1110101101100100011 - 1000?
-1110101101100101011
In base 6, what is 5 - 1321553244?
-1321553235
In base 7, what is 435022 - 461?
434231
In base 16, what is a9 + -193d6?
-1932d
In base 3, what is -121220120 - -121021102?
-122011
In base 2, what is -10110001110110 - -10010101111?
-10011111000111
In base 4, what is 23100222231 + 21?
23100222312
In base 16, what is 1ef74 - -14?
1ef88
In base 4, what is -2000101 - 131?
-2000232
In base 13, what is 4b34a77 + 6?
4b34a80
In base 4, what is -1113 + 12313003?
12311230
In base 5, what is 341320 - 1034141?
-142321
In base 7, what is 22242 - -152142?
204414
In base 5, what is -122131 + -12041?
-134222
In base 2, what is -11000111100100011100110 + 101100?
-11000111100100010111010
In base 7, what is 50153564 - -6?
50153603
In base 9, what is -877 - 40542?
-41530
In base 7, what is -21 - 2663453?
-2663504
In base 12, what is 53a - b0016?
-ab698
In base 3, what is -1102012000110021 - 0?
-1102012000110021
In base 13, what is b7 + 468a9?
46993
In base 4, what is -13 + 123313112102?
123313112023
In base 16, what is -18 - 543ddd?
-543df5
In base 8, what is -17713 - -6571?
-11122
In base 3, what is -11 + -1221202000010200?
-1221202000010211
In base 6, what is -24043123 - -5?
-24043114
In base 15, what is 236cd - 8b?
23642
In base 8, what is 3340 - -473203?
476543
In base 11, what is 69133 + -29?
69105
In base 3, what is -210120222 - -1122221?
-201221001
In base 8, what is -473 - 40342?
-41035
In base 5, what is -10 - 2043340443?
-2043341003
In base 15, what is 23 + 80a8c?
80ab0
In base 11, what is 77 - -1a45996?
1a45a62
In base 12, what is 56738 + 108?
56844
In base 16, what is 4 + eee92a?
eee92e
In base 2, what is 1000101 + -100100011011110001011?
-100100011011101000110
In base 11, what is 1129266 + -2?
1129264
In base 5, what is 13 + -120311114?
-120311101
In base 3, what is -2211211211 + 102012?
-2211102122
In base 13, what is -12574c - -10?
-12573c
In base 13, what is -36bc + -5b1?
-3ca0
In base 14, what is 12 + -38ac09?
-38abd7
In base 12, what is 4 + -4704666?
-4704662
In base 11, what is 2a30454 - 44?
2a30410
In base 12, what is -270b + -2490?
-4b9b
In base 6, what is -1023 - -1345315?
1344252
In base 7, what is -5 + -2245421004?
-2245421012
In base 10, what is 47 - -2006359?
2006406
In base 9, what is -184501335 + -3?
-184501338
In base 6, what is 3 + 50401523?
50401530
In base 6, what is 12355504501 + 1?
12355504502
In base 16, what is -7251 + 2ff?
-6f52
In base 15, what is 3b - abeee?
-abeb3
In base 9, what is -87467 - 18321?
-116788
In base 3, what is 22 + 111120120211?
111120121010
In base 15, what is -4a72306 - 0?
-4a72306
In base 10, what is -947 - 1295?
-2242
In base 6, what is 5 + 221444542?
221444551
In base 12, what is -1714 - a91?
-25a5
In base 3, what is 110 - -22012022201110?
22012022201220
In base 7, what is 51604142 + -460?
51603352
In base 13, what is -25 - 3b590a?
-3b5932
In base 9, what is 581 + 88745?
100436
In base 6, what is 325333340210 + -5?
325333340201
In base 12, what is a5738b3 - -3?
a5738b6
In base 3, what is 120110001 - -200200122?
1021010200
In base 16, what is -4 + 379ba85?
379ba81
In base 12, what is 0 + -9b8a947?
-9b8a947
In base 2, what is 101 - -100011000100001011010010001?
100011000100001011010010110
In base 15, what is 401 + 622?
a23
In base 5, what is 3312430024 - 111?
3312424413
In base 4, what is 11 - 223102032?
-223102021
In base 13, what is -25 + 66243?
6621b
In base 10, what is -3 + 4149756?
4149753
In base 12, what is 261a3735 + -7?
261a372a
In base 4, what is -10322203 + -1031323?
-12020132
In base 13, what is -15a09409 + -3?
-15a0940c
In base 9, what is -56213465 + -2?
-56213467
In base 16, what is -b - -665060?
665055
In base 11, what is 78a2 + -2202?
56a0
In base 15, what is -2b - -12131?
12105
In base 7, what is 5304331 + 21?
5304352
In base 4, what is -1201 + -1201021201?
-1201023002
In base 14, what is 1 + -235cc0?
-235cbd
In base 15, what is 2 - 11a67248?
-11a67246
In base 6, what is -1033232 - -120223?
-513005
In base 12, what is 15a1266 + -2?
15a1264
In base 11, what is -2a3a42 + 642?
-2a3400
In base 11, what is 41 - 35a309?
-35a278
In base 16, what is -b84 - -6d6?
-4ae
In base 16, what is 0 - -147558?
147558
In base 13, what is -1b - -44366?
44348
In base 10, what is 9221 - 1426?
7795
In base 9, what is 0 - -56728684?
56728684
In base 8, what is -3042 + 24701?
21637
In base 13, what is 2 + -188506a?
-1885068
In base 16, what is 17 + 60a8d6?
60a8ed
In base 6, what is 200444 - -2430?
203314
In base 12, what is -21ba9aa - -5?
-21ba9a5
In base 6, what is -22 - -4320340435?
4320340413
In base 15, what is 3ac - 15954?
-15597
In base 6, what is 4043411 - -22?
4043433
In base 6, what is -33325 + 3552?
-25333
In base 10, what is -35661 + -5883?
-41544
In base 16, what is -15fd + 171?
-148c
In base 3, what is -22011002101 - 202122?
-22011212000
In base 14, what is a3893b + -27?
a38914
In base 12, what is -2bb + -1640?
-193b
In base 14, wha